{"id":7275,"date":"2024-11-21T23:50:46","date_gmt":"2024-11-21T22:50:46","guid":{"rendered":"https:\/\/www.acj-clairmatin.fr\/?page_id=7275"},"modified":"2024-11-28T19:00:26","modified_gmt":"2024-11-28T18:00:26","slug":"jumelage-2024","status":"publish","type":"page","link":"https:\/\/www.acj-clairmatin.fr\/?page_id=7275","title":{"rendered":"Jumelage 2024"},"content":{"rendered":"\n<p style=\"text-align: justify;\"><span style=\"color: #0000ff; font-family: 'comic sans ms', sans-serif;\">Le s\u00e9jour \u00e0 Toulon de nos amis choristes de la Singkreis-Seckenheim, dans le cadre du 65\u00e8me anniversaire du jumelage Toulon-Mannheim et du 80\u00e8me anniversaire du d\u00e9barquement en Provence, s&rsquo;est d\u00e9roul\u00e9 du 2 au 7 Octobre, selon un programme riche et vari\u00e9, alliant musique, d\u00e9couvertes culturelles et moments de convivialit\u00e9.<\/span><\/p>\n<p style=\"font-weight: 400; text-align: justify;\"><span style=\"font-family: 'comic sans ms', sans-serif; color: #0000ff;\">Ce s\u00e9jour a permis de r\u00e9unir non seulement les choristes des deux ensembles Clair Matin et Singkreis-Seckenhiem, mais \u00e9galement pour notre grand concert, les chorales varoises \u00c9clats de Voix de Brignoles et Cantabile de Gar\u00e9oult, les choristes de l&rsquo;Usam et l&rsquo;orchestre All\u00e9gria riche de ses jeunes toulonnais, tous passionn\u00e9s de musique et de chant choral, dans un esprit d\u2019\u00e9change interg\u00e9n\u00e9rationnel, culturel et musical. Sans oublier nos trois prodigieux solistes : Thierry Maison \u00e0. la Clarinette, Arnaud Herv\u00e9, T\u00e9nor et Bruno Picaud\u00e9, Baryton.<\/span><\/p>\n<div class=\"page\" title=\"Page 1\">\n<div class=\"layoutArea\">\n<div class=\"column\">\n<p style=\"text-align: justify;\"><span style=\"font-family: 'comic sans ms', sans-serif; color: #0000ff;\">Nous remercions de tout c\u0153ur la ville de Toulon pour son soutien fide\u0300le, &nbsp;le Pe\u0300re Thierry de Marsac de l&rsquo;\u00c9glise Saint Joseph du Pont du Las, qui nous a ouvert les portes de sa Paroisse avec ge\u0301ne\u0301rosite\u0301, ainsi qu\u2019a\u0300 son e\u0301quipe de be\u0301ne\u0301voles. Toute notre gratitude au <a style=\"color: #0000ff;\" href=\"https:\/\/www.fondscitoyen.eu\/qui-sommes-nous-nv\">Fonds Citoyen Franco- Allemand<\/a><span style=\"font-size: revert;\"> dont le soutien cons\u00e9quent a e\u0301te\u0301 pre\u0301cieux pour la re\u0301alisation de ce beau projet. Nos remerciements vont aussi au <\/span>Cr\u00e9dit Agricole de Provence C\u00f4te d&rsquo;Azur notre fid\u00e8le sponsor.<\/span><\/p>\n<p><span style=\"color: #0000ff; font-family: 'comic sans ms', sans-serif;\">Enfin, toute notre reconnaissance \u00e0 notre public, dont la passion et la fid\u00e9lit\u00e9 ne se d\u00e9mentent pas. Merci d&rsquo;\u00eatre si nombreux pr\u00e9sents et enthousiastes \u00e0 chacun de nos concerts<\/span><\/p>\n<p style=\"text-align: justify;\"><span style=\"font-family: 'comic sans ms', sans-serif; color: #0000ff;\">Retour en images et musique sur cette vibrante et intense semaine!<\/span><\/p>\n<p>&nbsp;<\/p>\n<p><span style=\"color: #0000ff; font-family: 'comic sans ms', sans-serif;\">(Cliquer sur chaque image pour voir le d\u00e9tail de la journ\u00e9e en image ou son)<\/span><\/p>\n<table style=\"border-collapse: collapse; width: 100%; height: 76px;\">\n<tbody>\n<tr style=\"height: 76px;\">\n<td style=\"width: 20%; height: 76px;\">\n<p>&nbsp;<\/p>\n<p><a href=\"https:\/\/www.acj-clairmatin.fr\/?page_id=7492\"><img loading=\"lazy\" decoding=\"async\" class=\"wp-image-7180 alignnone\" src=\"https:\/\/www.acj-clairmatin.fr\/wp-content\/uploads\/2024\/11\/2096b421-ca84-4ba7-8efe-228e9e322493-300x154.jpg\" alt=\"\" width=\"300\" height=\"225\"><\/a><\/p>\n<\/td>\n<td style=\"width: 20%; height: 76px;\"><a href=\"https:\/\/www.acj-clairmatin.fr\/?page_id=7273\"><br><img loading=\"lazy\" decoding=\"async\" class=\"size-medium wp-image-7189 aligncenter\" src=\"https:\/\/www.acj-clairmatin.fr\/wp-content\/uploads\/2024\/11\/65dda82d-5071-4613-bc4e-61898132db74-300x225.jpg\" alt=\"\" width=\"300\" height=\"225\" srcset=\"https:\/\/www.acj-clairmatin.fr\/wp-content\/uploads\/2024\/11\/65dda82d-5071-4613-bc4e-61898132db74-300x225.jpg 300w, https:\/\/www.acj-clairmatin.fr\/wp-content\/uploads\/2024\/11\/65dda82d-5071-4613-bc4e-61898132db74-1440x1080.jpg 1440w, https:\/\/www.acj-clairmatin.fr\/wp-content\/uploads\/2024\/11\/65dda82d-5071-4613-bc4e-61898132db74-768x576.jpg 768w, https:\/\/www.acj-clairmatin.fr\/wp-content\/uploads\/2024\/11\/65dda82d-5071-4613-bc4e-61898132db74-1536x1152.jpg 1536w, https:\/\/www.acj-clairmatin.fr\/wp-content\/uploads\/2024\/11\/65dda82d-5071-4613-bc4e-61898132db74.jpg 1600w\" sizes=\"auto, (max-width: 300px) 100vw, 300px\" \/><\/a><\/td>\n<td style=\"width: 20%; height: 76px;\">\n<p><a href=\"https:\/\/www.acj-clairmatin.fr\/?page_id=7277\"><img loading=\"lazy\" decoding=\"async\" class=\"size-medium wp-image-7208 aligncenter\" src=\"https:\/\/www.acj-clairmatin.fr\/wp-content\/uploads\/2024\/11\/6e71f645-abe1-41bd-abf8-b29cb8505e13-300x225.jpg\" alt=\"\" width=\"300\" height=\"225\" srcset=\"https:\/\/www.acj-clairmatin.fr\/wp-content\/uploads\/2024\/11\/6e71f645-abe1-41bd-abf8-b29cb8505e13-300x225.jpg 300w, https:\/\/www.acj-clairmatin.fr\/wp-content\/uploads\/2024\/11\/6e71f645-abe1-41bd-abf8-b29cb8505e13-1440x1080.jpg 1440w, https:\/\/www.acj-clairmatin.fr\/wp-content\/uploads\/2024\/11\/6e71f645-abe1-41bd-abf8-b29cb8505e13-768x576.jpg 768w, https:\/\/www.acj-clairmatin.fr\/wp-content\/uploads\/2024\/11\/6e71f645-abe1-41bd-abf8-b29cb8505e13-1536x1152.jpg 1536w, https:\/\/www.acj-clairmatin.fr\/wp-content\/uploads\/2024\/11\/6e71f645-abe1-41bd-abf8-b29cb8505e13.jpg 2048w\" sizes=\"auto, (max-width: 300px) 100vw, 300px\" \/><\/a><\/p>\n<\/td>\n<td style=\"width: 20%; height: 76px;\">\n<p><a href=\"https:\/\/www.acj-clairmatin.fr\/?page_id=7729\"><img loading=\"lazy\" decoding=\"async\" class=\"wp-image-7307 aligncenter\" src=\"https:\/\/www.acj-clairmatin.fr\/wp-content\/uploads\/2024\/11\/c2806029-2222-4431-94c5-b71dfda67f4f-300x225.jpg\" alt=\"\" width=\"130\" height=\"98\" srcset=\"https:\/\/www.acj-clairmatin.fr\/wp-content\/uploads\/2024\/11\/c2806029-2222-4431-94c5-b71dfda67f4f-300x225.jpg 300w, https:\/\/www.acj-clairmatin.fr\/wp-content\/uploads\/2024\/11\/c2806029-2222-4431-94c5-b71dfda67f4f-1440x1080.jpg 1440w, https:\/\/www.acj-clairmatin.fr\/wp-content\/uploads\/2024\/11\/c2806029-2222-4431-94c5-b71dfda67f4f-768x576.jpg 768w, https:\/\/www.acj-clairmatin.fr\/wp-content\/uploads\/2024\/11\/c2806029-2222-4431-94c5-b71dfda67f4f-1536x1152.jpg 1536w, https:\/\/www.acj-clairmatin.fr\/wp-content\/uploads\/2024\/11\/c2806029-2222-4431-94c5-b71dfda67f4f.jpg 1600w\" sizes=\"auto, (max-width: 130px) 100vw, 130px\" \/><\/a><\/p>\n<\/td>\n<td style=\"width: 20%; height: 76px;\"><a href=\"https:\/\/www.acj-clairmatin.fr\/?page_id=7437\"><br><img loading=\"lazy\" decoding=\"async\" class=\"size-medium wp-image-7499 aligncenter\" src=\"https:\/\/www.acj-clairmatin.fr\/wp-content\/uploads\/2024\/11\/606b5edf-33a7-49b7-aa06-a5a3d06d2dcf-300x225.jpg\" alt=\"\" width=\"300\" height=\"225\" srcset=\"https:\/\/www.acj-clairmatin.fr\/wp-content\/uploads\/2024\/11\/606b5edf-33a7-49b7-aa06-a5a3d06d2dcf-300x225.jpg 300w, https:\/\/www.acj-clairmatin.fr\/wp-content\/uploads\/2024\/11\/606b5edf-33a7-49b7-aa06-a5a3d06d2dcf-1440x1080.jpg 1440w, https:\/\/www.acj-clairmatin.fr\/wp-content\/uploads\/2024\/11\/606b5edf-33a7-49b7-aa06-a5a3d06d2dcf-768x576.jpg 768w, https:\/\/www.acj-clairmatin.fr\/wp-content\/uploads\/2024\/11\/606b5edf-33a7-49b7-aa06-a5a3d06d2dcf-1536x1152.jpg 1536w, https:\/\/www.acj-clairmatin.fr\/wp-content\/uploads\/2024\/11\/606b5edf-33a7-49b7-aa06-a5a3d06d2dcf.jpg 2048w\" sizes=\"auto, (max-width: 300px) 100vw, 300px\" \/><\/a><\/td>\n<\/tr>\n<\/tbody>\n<\/table>\n<p>&nbsp;<\/p>\n<\/div>\n<\/div>\n<\/div>\n\n\n<div class=\"wp-block-media-text is-stacked-on-mobile\" style=\"grid-template-columns: 18% auto;\">\n<figure class=\"wp-block-media-text__media\"><img loading=\"lazy\" decoding=\"async\" width=\"1440\" height=\"1080\" class=\"wp-image-7921 size-full\" src=\"https:\/\/www.acj-clairmatin.fr\/wp-content\/uploads\/2024\/11\/IMG_1644-1440x1080.jpeg\" alt=\"\" srcset=\"https:\/\/www.acj-clairmatin.fr\/wp-content\/uploads\/2024\/11\/IMG_1644-1440x1080.jpeg 1440w, https:\/\/www.acj-clairmatin.fr\/wp-content\/uploads\/2024\/11\/IMG_1644-300x225.jpeg 300w, https:\/\/www.acj-clairmatin.fr\/wp-content\/uploads\/2024\/11\/IMG_1644-768x576.jpeg 768w, https:\/\/www.acj-clairmatin.fr\/wp-content\/uploads\/2024\/11\/IMG_1644-1536x1152.jpeg 1536w, https:\/\/www.acj-clairmatin.fr\/wp-content\/uploads\/2024\/11\/IMG_1644-2048x1536.jpeg 2048w\" sizes=\"auto, (max-width: 1440px) 100vw, 1440px\" \/><\/figure>\n<div class=\"wp-block-media-text__content\"><span style=\"font-family: 'comic sans ms', sans-serif;\"><a href=\"https:\/\/www.acj-clairmatin.fr\/?page_id=7880\">Sans oublier tout <\/a><a href=\"https:\/\/www.acj-clairmatin.fr\/?page_id=7880\">le travail en amont<\/a><a href=\"https:\/\/www.acj-clairmatin.fr\/?page_id=7880\">: \u00a0 focus \u00a0sur les \u00a0grandes journ\u00e9es de pr\u00e9paratifs<\/a><\/span><\/div>\n<\/div>\n\n\n<p><\/p>\n\n\n\n<p><\/p>\n\n\n","protected":false},"excerpt":{"rendered":"<p>Le s\u00e9jour \u00e0 Toulon de nos amis choristes de la Singkreis-Seckenheim, dans le cadre du 65\u00e8me anniversaire du jumelage Toulon-Mannheim et du 80\u00e8me anniversaire du d\u00e9barquement en Provence, s&rsquo;est d\u00e9roul\u00e9 du 2 au 7 Octobre, selon un programme riche et vari\u00e9, alliant musique, d\u00e9couvertes culturelles et moments de convivialit\u00e9. Ce s\u00e9jour a permis de r\u00e9unir non seulement les choristes des deux ensembles Clair Matin et Singkreis-Seckenhiem, mais \u00e9galement pour notre grand concert, les chorales varoises \u00c9clats de Voix de Brignoles et Cantabile de Gar\u00e9oult, les choristes de l&rsquo;Usam et l&rsquo;orchestre All\u00e9gria riche de ses jeunes toulonnais, tous passionn\u00e9s de musique&#46;&#46;&#46;<\/p>\n","protected":false},"author":5,"featured_media":0,"parent":0,"menu_order":0,"comment_status":"closed","ping_status":"closed","template":"","meta":{"footnotes":""},"class_list":["post-7275","page","type-page","status-publish","hentry"],"jetpack_sharing_enabled":true,"_links":{"self":[{"href":"https:\/\/www.acj-clairmatin.fr\/index.php?rest_route=\/wp\/v2\/pages\/7275","targetHints":{"allow":["GET"]}}],"collection":[{"href":"https:\/\/www.acj-clairmatin.fr\/index.php?rest_route=\/wp\/v2\/pages"}],"about":[{"href":"https:\/\/www.acj-clairmatin.fr\/index.php?rest_route=\/wp\/v2\/types\/page"}],"author":[{"embeddable":true,"href":"https:\/\/www.acj-clairmatin.fr\/index.php?rest_route=\/wp\/v2\/users\/5"}],"replies":[{"embeddable":true,"href":"https:\/\/www.acj-clairmatin.fr\/index.php?rest_route=%2Fwp%2Fv2%2Fcomments&post=7275"}],"version-history":[{"count":21,"href":"https:\/\/www.acj-clairmatin.fr\/index.php?rest_route=\/wp\/v2\/pages\/7275\/revisions"}],"predecessor-version":[{"id":7950,"href":"https:\/\/www.acj-clairmatin.fr\/index.php?rest_route=\/wp\/v2\/pages\/7275\/revisions\/7950"}],"wp:attachment":[{"href":"https:\/\/www.acj-clairmatin.fr\/index.php?rest_route=%2Fwp%2Fv2%2Fmedia&parent=7275"}],"curies":[{"name":"wp","href":"https:\/\/api.w.org\/{rel}","templated":true}]}}

<p style="text-align: justify;"><span style="color: #0000ff; font-family: 'comic sans ms', sans-serif;">Le séjour à Toulon de nos amis choristes de la Singkreis-Seckenheim, dans le cadre du 65ème anniversaire du jumelage Toulon-Mannheim et du 80ème anniversaire du débarquement en Provence, s&rsquo;est déroulé du 2 au 7 Octobre, selon un programme riche et varié, alliant musique, découvertes culturelles et moments de convivialité.</span></p>
<p style="font-weight: 400; text-align: justify;"><span style="font-family: 'comic sans ms', sans-serif; color: #0000ff;">Ce séjour a permis de réunir non seulement les choristes des deux ensembles Clair Matin et Singkreis-Seckenhiem, mais également pour notre grand concert, les chorales varoises Éclats de Voix de Brignoles et Cantabile de Garéoult, les choristes de l&rsquo;Usam et l&rsquo;orchestre Allégria riche de ses jeunes toulonnais, tous passionnés de musique et de chant choral, dans un esprit d’échange intergénérationnel, culturel et musical. Sans oublier nos trois prodigieux solistes : Thierry Maison à. la Clarinette, Arnaud Hervé, Ténor et Bruno Picaudé, Baryton.</span></p>
<div class="page" title="Page 1">
<div class="layoutArea">
<div class="column">
<p style="text-align: justify;"><span style="font-family: 'comic sans ms', sans-serif; color: #0000ff;">Nous remercions de tout cœur la ville de Toulon pour son soutien fidèle, &nbsp;le Père Thierry de Marsac de l&rsquo;Église Saint Joseph du Pont du Las, qui nous a ouvert les portes de sa Paroisse avec générosité, ainsi qu’à son équipe de bénévoles. Toute notre gratitude au <a style="color: #0000ff;" href="https://www.fondscitoyen.eu/qui-sommes-nous-nv">Fonds Citoyen Franco- Allemand</a><span style="font-size: revert;"> dont le soutien conséquent a été précieux pour la réalisation de ce beau projet. Nos remerciements vont aussi au </span>Crédit Agricole de Provence Côte d&rsquo;Azur notre fidèle sponsor.</span></p>
<p><span style="color: #0000ff; font-family: 'comic sans ms', sans-serif;">Enfin, toute notre reconnaissance à notre public, dont la passion et la fidélité ne se démentent pas. Merci d&rsquo;être si nombreux présents et enthousiastes à chacun de nos concerts</span></p>
<p style="text-align: justify;"><span style="font-family: 'comic sans ms', sans-serif; color: #0000ff;">Retour en images et musique sur cette vibrante et intense semaine!</span></p>
<p>&nbsp;</p>
<p><span style="color: #0000ff; font-family: 'comic sans ms', sans-serif;">(Cliquer sur chaque image pour voir le détail de la journée en image ou son)</span></p>
<table style="border-collapse: collapse; width: 100%; height: 76px;">
<tbody>
<tr style="height: 76px;">
<td style="width: 20%; height: 76px;">
<p>&nbsp;</p>
<p><a href="https://www.acj-clairmatin.fr/?page_id=7492"><img loading="lazy" decoding="async" class="wp-image-7180 alignnone" src="https://www.acj-clairmatin.fr/wp-content/uploads/2024/11/2096b421-ca84-4ba7-8efe-228e9e322493-300x154.jpg" alt="" width="300" height="225"></a></p>
</td>
<td style="width: 20%; height: 76px;"><a href="https://www.acj-clairmatin.fr/?page_id=7273"><br><img loading="lazy" decoding="async" class="size-medium wp-image-7189 aligncenter" src="https://www.acj-clairmatin.fr/wp-content/uploads/2024/11/65dda82d-5071-4613-bc4e-61898132db74-300x225.jpg" alt="" width="300" height="225" srcset="https://www.acj-clairmatin.fr/wp-content/uploads/2024/11/65dda82d-5071-4613-bc4e-61898132db74-300x225.jpg 300w, https://www.acj-clairmatin.fr/wp-content/uploads/2024/11/65dda82d-5071-4613-bc4e-61898132db74-1440x1080.jpg 1440w, https://www.acj-clairmatin.fr/wp-content/uploads/2024/11/65dda82d-5071-4613-bc4e-61898132db74-768x576.jpg 768w, https://www.acj-clairmatin.fr/wp-content/uploads/2024/11/65dda82d-5071-4613-bc4e-61898132db74-1536x1152.jpg 1536w, https://www.acj-clairmatin.fr/wp-content/uploads/2024/11/65dda82d-5071-4613-bc4e-61898132db74.jpg 1600w" sizes="auto, (max-width: 300px) 100vw, 300px" /></a></td>
<td style="width: 20%; height: 76px;">
<p><a href="https://www.acj-clairmatin.fr/?page_id=7277"><img loading="lazy" decoding="async" class="size-medium wp-image-7208 aligncenter" src="https://www.acj-clairmatin.fr/wp-content/uploads/2024/11/6e71f645-abe1-41bd-abf8-b29cb8505e13-300x225.jpg" alt="" width="300" height="225" srcset="https://www.acj-clairmatin.fr/wp-content/uploads/2024/11/6e71f645-abe1-41bd-abf8-b29cb8505e13-300x225.jpg 300w, https://www.acj-clairmatin.fr/wp-content/uploads/2024/11/6e71f645-abe1-41bd-abf8-b29cb8505e13-1440x1080.jpg 1440w, https://www.acj-clairmatin.fr/wp-content/uploads/2024/11/6e71f645-abe1-41bd-abf8-b29cb8505e13-768x576.jpg 768w, https://www.acj-clairmatin.fr/wp-content/uploads/2024/11/6e71f645-abe1-41bd-abf8-b29cb8505e13-1536x1152.jpg 1536w, https://www.acj-clairmatin.fr/wp-content/uploads/2024/11/6e71f645-abe1-41bd-abf8-b29cb8505e13.jpg 2048w" sizes="auto, (max-width: 300px) 100vw, 300px" /></a></p>
</td>
<td style="width: 20%; height: 76px;">
<p><a href="https://www.acj-clairmatin.fr/?page_id=7729"><img loading="lazy" decoding="async" class="wp-image-7307 aligncenter" src="https://www.acj-clairmatin.fr/wp-content/uploads/2024/11/c2806029-2222-4431-94c5-b71dfda67f4f-300x225.jpg" alt="" width="130" height="98" srcset="https://www.acj-clairmatin.fr/wp-content/uploads/2024/11/c2806029-2222-4431-94c5-b71dfda67f4f-300x225.jpg 300w, https://www.acj-clairmatin.fr/wp-content/uploads/2024/11/c2806029-2222-4431-94c5-b71dfda67f4f-1440x1080.jpg 1440w, https://www.acj-clairmatin.fr/wp-content/uploads/2024/11/c2806029-2222-4431-94c5-b71dfda67f4f-768x576.jpg 768w, https://www.acj-clairmatin.fr/wp-content/uploads/2024/11/c2806029-2222-4431-94c5-b71dfda67f4f-1536x1152.jpg 1536w, https://www.acj-clairmatin.fr/wp-content/uploads/2024/11/c2806029-2222-4431-94c5-b71dfda67f4f.jpg 1600w" sizes="auto, (max-width: 130px) 100vw, 130px" /></a></p>
</td>
<td style="width: 20%; height: 76px;"><a href="https://www.acj-clairmatin.fr/?page_id=7437"><br><img loading="lazy" decoding="async" class="size-medium wp-image-7499 aligncenter" src="https://www.acj-clairmatin.fr/wp-content/uploads/2024/11/606b5edf-33a7-49b7-aa06-a5a3d06d2dcf-300x225.jpg" alt="" width="300" height="225" srcset="https://www.acj-clairmatin.fr/wp-content/uploads/2024/11/606b5edf-33a7-49b7-aa06-a5a3d06d2dcf-300x225.jpg 300w, https://www.acj-clairmatin.fr/wp-content/uploads/2024/11/606b5edf-33a7-49b7-aa06-a5a3d06d2dcf-1440x1080.jpg 1440w, https://www.acj-clairmatin.fr/wp-content/uploads/2024/11/606b5edf-33a7-49b7-aa06-a5a3d06d2dcf-768x576.jpg 768w, https://www.acj-clairmatin.fr/wp-content/uploads/2024/11/606b5edf-33a7-49b7-aa06-a5a3d06d2dcf-1536x1152.jpg 1536w, https://www.acj-clairmatin.fr/wp-content/uploads/2024/11/606b5edf-33a7-49b7-aa06-a5a3d06d2dcf.jpg 2048w" sizes="auto, (max-width: 300px) 100vw, 300px" /></a></td>
</tr>
</tbody>
</table>
<p>&nbsp;</p>
</div>
</div>
</div>


<div class="wp-block-media-text is-stacked-on-mobile" style="grid-template-columns: 18% auto;">
<figure class="wp-block-media-text__media"><img loading="lazy" decoding="async" width="1440" height="1080" class="wp-image-7921 size-full" src="https://www.acj-clairmatin.fr/wp-content/uploads/2024/11/IMG_1644-1440x1080.jpeg" alt="" srcset="https://www.acj-clairmatin.fr/wp-content/uploads/2024/11/IMG_1644-1440x1080.jpeg 1440w, https://www.acj-clairmatin.fr/wp-content/uploads/2024/11/IMG_1644-300x225.jpeg 300w, https://www.acj-clairmatin.fr/wp-content/uploads/2024/11/IMG_1644-768x576.jpeg 768w, https://www.acj-clairmatin.fr/wp-content/uploads/2024/11/IMG_1644-1536x1152.jpeg 1536w, https://www.acj-clairmatin.fr/wp-content/uploads/2024/11/IMG_1644-2048x1536.jpeg 2048w" sizes="auto, (max-width: 1440px) 100vw, 1440px" /></figure>
<div class="wp-block-media-text__content"><span style="font-family: 'comic sans ms', sans-serif;"><a href="https://www.acj-clairmatin.fr/?page_id=7880">Sans oublier tout </a><a href="https://www.acj-clairmatin.fr/?page_id=7880">le travail en amont</a><a href="https://www.acj-clairmatin.fr/?page_id=7880">:   focus  sur les  grandes journées de préparatifs</a></span></div>
</div>


<p></p>



<p></p>

<p>Le séjour à Toulon de nos amis choristes de la Singkreis-Seckenheim, dans le cadre du 65ème anniversaire du jumelage Toulon-Mannheim et du 80ème anniversaire du débarquement en Provence, s&rsquo;est déroulé du 2 au 7 Octobre, selon un programme riche et varié, alliant musique, découvertes culturelles et moments de convivialité. Ce séjour a permis de réunir non seulement les choristes des deux ensembles Clair Matin et Singkreis-Seckenhiem, mais également pour notre grand concert, les chorales varoises Éclats de Voix de Brignoles et Cantabile de Garéoult, les choristes de l&rsquo;Usam et l&rsquo;orchestre Allégria riche de ses jeunes toulonnais, tous passionnés de musique&#46;&#46;&#46;</p>
