{"id":96,"date":"2014-07-16T11:46:47","date_gmt":"2014-07-16T10:46:47","guid":{"rendered":"http:\/\/www.acj-poitiers.fr\/?page_id=96"},"modified":"2024-02-19T23:28:52","modified_gmt":"2024-02-19T22:28:52","slug":"les-activites","status":"publish","type":"page","link":"https:\/\/www.acj-clairmatin.fr\/?page_id=96","title":{"rendered":"Les Activit\u00e9s"},"content":{"rendered":"<div>\n<p class=\"Standard\" style=\"text-align: justify;\"><span style=\"font-family: 'comic sans ms', sans-serif; color: #000000; font-size: 14pt;\">La Chorale \u00ab\u00a0\u00c0 C\u0153ur Joie Clair Matin\u00a0\u00bb, ch\u0153ur mixte, rayonne sur Toulon depuis 75 ans.<\/span><\/p>\n<\/div>\n<div>\n<p class=\"Standard\" style=\"text-align: justify;\"><span style=\"color: #000000;\"><span style=\"font-size: 14pt; font-family: 'comic sans ms', sans-serif;\">Sous la direction de S\u00e9bastien Portelli, notre chorale poursuit ses activit\u00e9s dans la philosophie du Mouvement \u00c0 C\u0153ur Joie, dont elle est membre. <\/span><span style=\"font-family: 'comic sans ms', sans-serif; font-size: 14pt;\">Elle se produit r\u00e9guli\u00e8rement en concert, seule ou avec d\u2019autres chorales.<\/span><\/span><\/p>\n<\/div>\n<div>\n<p class=\"Standard\" style=\"text-align: justify;\"><span style=\"font-family: 'comic sans ms', sans-serif; font-size: 14pt; color: #000000;\">Au cours de la saison 2023-2024, en association avec d\u2019autres formations de choristes, nous aurons le plaisir de chanter \u00a0la \u00ab<\/span><span style=\"font-family: 'comic sans ms', sans-serif; font-size: 14pt; color: #000000;\"> Messa di Gloria \u00bb de Puccini, avec orchestre et solistes. Notre premi\u00e8re interpr\u00e9tation de cette \u0153uvre a eu lieu \u00e0 Toulon le 14 octobre 2023 (pour c\u00e9l\u00e9brer nos 75 ans), puis \u00e0 Brignoles le 15 octobre.<\/span><\/p>\n<\/div>\n<div>\n<p class=\"Standard\"><span style=\"font-size: 14pt; font-family: 'comic sans ms', sans-serif; color: #000000;\">En 2024, dans le cadre du jumelage, qui f\u00eate ses 65 ans, nous recevrons d\u00e9but octobre nos amis de Mannheim.<\/span><\/p>\n<\/div>\n","protected":false},"excerpt":{"rendered":"<p>La Chorale \u00ab\u00a0\u00c0 C\u0153ur Joie Clair Matin\u00a0\u00bb, ch\u0153ur mixte, rayonne sur Toulon depuis 75 ans. Sous la direction de S\u00e9bastien Portelli, notre chorale poursuit ses activit\u00e9s dans la philosophie du Mouvement \u00c0 C\u0153ur Joie, dont elle est membre. Elle se produit r\u00e9guli\u00e8rement en concert, seule ou avec d\u2019autres chorales. Au cours de la saison 2023-2024, en association avec d\u2019autres formations de choristes, nous aurons le plaisir de chanter \u00a0la \u00ab Messa di Gloria \u00bb de Puccini, avec orchestre et solistes. Notre premi\u00e8re interpr\u00e9tation de cette \u0153uvre a eu lieu \u00e0 Toulon le 14 octobre 2023 (pour c\u00e9l\u00e9brer nos 75 ans),&#46;&#46;&#46;<\/p>\n","protected":false},"author":5,"featured_media":0,"parent":0,"menu_order":0,"comment_status":"closed","ping_status":"closed","template":"","meta":{"footnotes":""},"class_list":["post-96","page","type-page","status-publish","hentry"],"jetpack_sharing_enabled":true,"_links":{"self":[{"href":"https:\/\/www.acj-clairmatin.fr\/index.php?rest_route=\/wp\/v2\/pages\/96","targetHints":{"allow":["GET"]}}],"collection":[{"href":"https:\/\/www.acj-clairmatin.fr\/index.php?rest_route=\/wp\/v2\/pages"}],"about":[{"href":"https:\/\/www.acj-clairmatin.fr\/index.php?rest_route=\/wp\/v2\/types\/page"}],"author":[{"embeddable":true,"href":"https:\/\/www.acj-clairmatin.fr\/index.php?rest_route=\/wp\/v2\/users\/5"}],"replies":[{"embeddable":true,"href":"https:\/\/www.acj-clairmatin.fr\/index.php?rest_route=%2Fwp%2Fv2%2Fcomments&post=96"}],"version-history":[{"count":27,"href":"https:\/\/www.acj-clairmatin.fr\/index.php?rest_route=\/wp\/v2\/pages\/96\/revisions"}],"predecessor-version":[{"id":6520,"href":"https:\/\/www.acj-clairmatin.fr\/index.php?rest_route=\/wp\/v2\/pages\/96\/revisions\/6520"}],"wp:attachment":[{"href":"https:\/\/www.acj-clairmatin.fr\/index.php?rest_route=%2Fwp%2Fv2%2Fmedia&parent=96"}],"curies":[{"name":"wp","href":"https:\/\/api.w.org\/{rel}","templated":true}]}}

Les Activités

<div>
<p class="Standard" style="text-align: justify;"><span style="font-family: 'comic sans ms', sans-serif; color: #000000; font-size: 14pt;">La Chorale « À Cœur Joie Clair Matin », chœur mixte, rayonne sur Toulon depuis 75 ans.</span></p>
</div>
<div>
<p class="Standard" style="text-align: justify;"><span style="color: #000000;"><span style="font-size: 14pt; font-family: 'comic sans ms', sans-serif;">Sous la direction de Sébastien Portelli, notre chorale poursuit ses activités dans la philosophie du Mouvement À Cœur Joie, dont elle est membre. </span><span style="font-family: 'comic sans ms', sans-serif; font-size: 14pt;">Elle se produit régulièrement en concert, seule ou avec d’autres chorales.</span></span></p>
</div>
<div>
<p class="Standard" style="text-align: justify;"><span style="font-family: 'comic sans ms', sans-serif; font-size: 14pt; color: #000000;">Au cours de la saison 2023-2024, en association avec d’autres formations de choristes, nous aurons le plaisir de chanter  la «</span><span style="font-family: 'comic sans ms', sans-serif; font-size: 14pt; color: #000000;"> Messa di Gloria » de Puccini, avec orchestre et solistes. Notre première interprétation de cette œuvre a eu lieu à Toulon le 14 octobre 2023 (pour célébrer nos 75 ans), puis à Brignoles le 15 octobre.</span></p>
</div>
<div>
<p class="Standard"><span style="font-size: 14pt; font-family: 'comic sans ms', sans-serif; color: #000000;">En 2024, dans le cadre du jumelage, qui fête ses 65 ans, nous recevrons début octobre nos amis de Mannheim.</span></p>
</div>

<p>La Chorale « À Cœur Joie Clair Matin », chœur mixte, rayonne sur Toulon depuis 75 ans. Sous la direction de Sébastien Portelli, notre chorale poursuit ses activités dans la philosophie du Mouvement À Cœur Joie, dont elle est membre. Elle se produit régulièrement en concert, seule ou avec d’autres chorales. Au cours de la saison 2023-2024, en association avec d’autres formations de choristes, nous aurons le plaisir de chanter  la « Messa di Gloria » de Puccini, avec orchestre et solistes. Notre première interprétation de cette œuvre a eu lieu à Toulon le 14 octobre 2023 (pour célébrer nos 75 ans),&#46;&#46;&#46;</p>
