{"id":102,"date":"2014-07-16T14:13:48","date_gmt":"2014-07-16T13:13:48","guid":{"rendered":"http:\/\/www.acj-poitiers.fr\/?page_id=102"},"modified":"2023-08-05T17:07:03","modified_gmt":"2023-08-05T16:07:03","slug":"les-repetitions","status":"publish","type":"page","link":"https:\/\/www.acj-clairmatin.fr\/test\/?page_id=102","title":{"rendered":"Les r\u00e9p\u00e9titions"},"content":{"rendered":"<p><span style=\"color: #000000; font-family: 'comic sans ms', sans-serif; font-size: 14pt;\">Les r\u00e9p\u00e9titions ont lieu tous les jeudis, de 20h00 \u00e0 22h00, de d\u00e9but septembre \u00e0 fin juin.<\/span><\/p>\n<p style=\"text-align: justify;\"><span style=\"font-family: 'comic sans ms', sans-serif; font-size: 14pt; color: #000000;\">Des r\u00e9p\u00e9titions suppl\u00e9mentaires peuvent \u00eatre programm\u00e9es le samedi ou le dimanche pour la pr\u00e9paration des concerts (une demi-journ\u00e9e ou une journ\u00e9e) ou en p\u00e9riode de vacances scolaires.<\/span><\/p>\n","protected":false},"excerpt":{"rendered":"<p>Les r\u00e9p\u00e9titions ont lieu tous les jeudis, de 20h00 \u00e0 22h00, de d\u00e9but septembre \u00e0 fin juin. Des r\u00e9p\u00e9titions suppl\u00e9mentaires peuvent \u00eatre programm\u00e9es le samedi ou le dimanche pour la pr\u00e9paration des concerts (une demi-journ\u00e9e ou une journ\u00e9e) ou en p\u00e9riode de vacances scolaires.<\/p>\n","protected":false},"author":5,"featured_media":0,"parent":0,"menu_order":0,"comment_status":"closed","ping_status":"closed","template":"","meta":[],"_links":{"self":[{"href":"https:\/\/www.acj-clairmatin.fr\/test\/index.php?rest_route=\/wp\/v2\/pages\/102"}],"collection":[{"href":"https:\/\/www.acj-clairmatin.fr\/test\/index.php?rest_route=\/wp\/v2\/pages"}],"about":[{"href":"https:\/\/www.acj-clairmatin.fr\/test\/index.php?rest_route=\/wp\/v2\/types\/page"}],"author":[{"embeddable":true,"href":"https:\/\/www.acj-clairmatin.fr\/test\/index.php?rest_route=\/wp\/v2\/users\/5"}],"replies":[{"embeddable":true,"href":"https:\/\/www.acj-clairmatin.fr\/test\/index.php?rest_route=%2Fwp%2Fv2%2Fcomments&post=102"}],"version-history":[{"count":20,"href":"https:\/\/www.acj-clairmatin.fr\/test\/index.php?rest_route=\/wp\/v2\/pages\/102\/revisions"}],"predecessor-version":[{"id":4833,"href":"https:\/\/www.acj-clairmatin.fr\/test\/index.php?rest_route=\/wp\/v2\/pages\/102\/revisions\/4833"}],"wp:attachment":[{"href":"https:\/\/www.acj-clairmatin.fr\/test\/index.php?rest_route=%2Fwp%2Fv2%2Fmedia&parent=102"}],"curies":[{"name":"wp","href":"https:\/\/api.w.org\/{rel}","templated":true}]}}